{"id":510,"date":"2024-07-03T19:25:46","date_gmt":"2024-07-03T17:25:46","guid":{"rendered":"https:\/\/gwiazdamorza-jaroslawiec.pl\/?page_id=510"},"modified":"2024-07-04T12:46:25","modified_gmt":"2024-07-04T10:46:25","slug":"regulamin","status":"publish","type":"page","link":"https:\/\/gwiazdamorza-jaroslawiec.pl\/index.php\/regulamin\/","title":{"rendered":"Regulamin"},"content":{"rendered":"<!--themify_builder_content-->\n<div id=\"themify_builder_content-510\" data-postid=\"510\" class=\"themify_builder_content themify_builder_content-510 themify_builder tf_clear\">\n                    <div  data-anchor=\"regulamin\" data-css_id=\"ufhv612\" data-lazy=\"1\" class=\"module_row themify_builder_row fullwidth tb_has_section tb_section-regulamin tb_ufhv612 tb_first tf_w hide-tablet hide-tablet_landscape hide-mobile\">\n                        <div class=\"row_inner col_align_top tb_col_count_1 tf_box tf_rel\">\n                        <div  data-lazy=\"1\" class=\"module_column tb-column col-full tb_1ojz612 first\">\n                    <!-- module divider -->\n<div  class=\"module tf_mw module-divider tb_jxfv612 solid   \" style=\"border-width: 0px;border-color: rgba(0,0,0, 0.00);margin-top: 20px;\" data-lazy=\"1\">\n    <\/div>\n<!-- \/module divider -->\n<!-- module text -->\n<div  class=\"module module-text tb_lt4d612   \" data-lazy=\"1\">\n        <div  class=\"tb_text_wrap\">\n        <h1><span style=\"color: #f37221;\">Regulamin<br><br><\/span><\/h1>\n<p><strong>Niniejszy Regulamin okre\u015bla warunki, na kt\u00f3rych mo\u017cna dokona\u0107 rezerwacji i najmu pokoi.<\/strong><\/p>\n<p>1. Dokonanie wst\u0119pnej rezerwacji jest jednoznaczne z zaakceptowaniem przez Najemc\u0119 (go\u015bcia) postanowie\u0144<br>niniejszego Regulaminu.<br>2. Wst\u0119pn\u0105 rezerwacj\u0119, o kt\u00f3rej mowa w pkt 1, potwierdza si\u0119 poprzez dokonanie wp\u0142aty na konto<br>Wynajmuj\u0105cego zadatku w wysoko\u015bci 30% kwoty nale\u017cnej na poczet najmu domku letniskowego w ci\u0105gu 5 dni<br>kalendarzowych (liczy si\u0119 data zaksi\u0119gowania na koncie). Brak wp\u0142aty w powy\u017cszym terminie powoduje<br>anulowanie rezerwacji wst\u0119pnej.<br>3. W momencie dokonania rezerwacji (tj. wp\u0142acenia 30% zadatku na poczet najmu ) umow\u0119 najmu uwa\u017ca si\u0119<br>za zawart\u0105. Us\u0142uga najmu pokoju obejmuje prawo korzystania z domku wraz z wyposa\u017ceniem przez uzgodniony<br>okres przez okre\u015blon\u0105 liczb\u0119 os\u00f3b w rezerwacji oraz prawo skorzystania z jednego miejsca parkingowego dla<br>samochodu osobowego.<br>4. Dokonanie rezerwacji jest r\u00f3wnoznaczne z wyra\u017ceniem przez Rezerwuj\u0105cego &#8211; Najemc\u0119 (go\u015bcia) zgody na<br>przetwarzanie danych osobowych w celu realizacji rezerwacji i dope\u0142nienia obowi\u0105zku meldunkowego zgodnie z<br>przepisami ustawy z dnia 29.08.1997 r. o ochronie danych osobowych. Najemcy przys\u0142uguje prawo wgl\u0105du do<br>swoich danych osobowych i ich aktualizacji.<br>5. W przypadku dokonania rezerwacji, pozosta\u0142\u0105 kwot\u0119 nale\u017cn\u0105 za ca\u0142y okres najmu (wynikaj\u0105cy z rezerwacji)<br>Najemca wp\u0142aca najp\u00f3\u017aniej w dniu przyjazdu. W przypadku skr\u00f3cenia okresu najmu przez Najemc\u0119, kwota za<br>niewykorzystany okres najmu przepada na rzecz Wynajmuj\u0105cego.<br>6. W przypadku ca\u0142kowitej rezygnacji z najmu z przyczyn niezale\u017cnych od Wynajmuj\u0105cego, wp\u0142acony zadatek<br>przepada na rzecz Wynajmuj\u0105cego.<br>7.Czas najmu pokoi liczony jest dobach. Doba zaczyna si\u0119 o godz: 15:00 (przyjazd), a ko\u0144czy o godz: 10:00<br>16. Parking jednego samochodu osobowego jest wliczony w cen\u0119 us\u0142ugi najmu pokoju. Parkowanie<br>samochod\u00f3w jest mo\u017cliwe w wyznaczonym do tego celu miejscu lub w innym wskazanym przez<br>Wynajmuj\u0105cego.<br>17. Cisza nocna obowi\u0105zuje w godzinach od 22.00 do 6.00.<br>18. Najemca jest zobowi\u0105zany do zg\u0142aszania Wynajmuj\u0105cemu na bie\u017c\u0105co wszelkich zauwa\u017conych usterek w<br>celu ich usuni\u0119cia.<br>19. Najemca zobowi\u0105zany jest do utrzymywania i wydania pokoju w stanie przekazanym, co obejmuje w<br>szczeg\u00f3lno\u015bci posprz\u0105tanie, umycie naczy\u0144, wyniesienie \u015bmieci.<br>20. Wynajmuj\u0105cy nie ponosi odpowiedzialno\u015bci za przej\u015bciowe niedogodno\u015bci korzystania z pokoju wyst\u0119puj\u0105ce<br>u niezale\u017cnych dostawc\u00f3w wynikaj\u0105ce np. z czasowego braku wody, pr\u0105du itp.<br>21. Wynajmuj\u0105cy nie ponosi odpowiedzialno\u015bci za rzeczy Najemcy pozostawione bez opieki na terenie domu.<br>Obowi\u0105zek zabezpieczenia rzeczy przed kradzie\u017c\u0105 i zniszczeniem obci\u0105\u017ca Najemc\u0119.<br>22. Wynajmuj\u0105cy nie ponosi odpowiedzialno\u015bci prawnej za uszkodzenia lub kradzie\u017c samochodu Najemcy<br>pozostawionego na terenie posesji.<br>23.Nie akceptujemy zwierz\u0105t<br>24. Najemca jest zobowi\u0105zany do przestrzegania zasad dobrego s\u0105siedztwa, ciszy nocnej, zasad<br>bezpiecze\u0144stwa przeciwpo\u017carowego.<br>25. Do spor\u00f3w powsta\u0142ych w zwi\u0105zku z najmem domku stosuje si\u0119 prawo polskie. Ewentualne spory<br>rozstrzygane b\u0119d\u0105 polubownie. W przypadku braku porozumienia, Wynajmuj\u0105cy i Najemca poddaj\u0105<br>rozstrzygni\u0119cie sporu zwi\u0105zanego z najmem pokoju \u2013 s\u0105dowi w\u0142a\u015bciwemu ze wzgl\u0119du na siedzib\u0119<br>Wynajmuj\u0105cego.<\/p>    <\/div>\n<\/div>\n<!-- \/module text --><!-- module buttons -->\n<div  class=\"module module-buttons tb_2wfb612 buttons-horizontal solid   squared\" data-lazy=\"1\">\n        <div class=\"module-buttons-item tf_in_flx\">\n                        <a href=\"https:\/\/gwiazdamorza-jaroslawiec.pl\/\" class=\"ui builder_button tf_in_flx tb_default_color\" >\n                                                powr\u00f3t                                        <\/a>\n                <\/div>\n            <\/div>\n<!-- \/module buttons -->\n        <\/div>\n                        <\/div>\n        <\/div>\n                        <div  data-anchor=\"regulamin\" data-css_id=\"x7fc217\" data-lazy=\"1\" class=\"module_row themify_builder_row fullwidth tb_has_section tb_section-regulamin tb_x7fc217 tf_w hide-desktop\">\n                        <div class=\"row_inner col_align_top tb_col_count_1 tf_box tf_rel\">\n                        <div  data-lazy=\"1\" class=\"module_column tb-column col-full tb_5a0p217 first\">\n                    <!-- module divider -->\n<div  class=\"module tf_mw module-divider tb_wcty217 solid   \" style=\"border-width: 0px;border-color: rgba(0,0,0, 0.00);margin-top: 20px;\" data-lazy=\"1\">\n    <\/div>\n<!-- \/module divider -->\n<!-- module text -->\n<div  class=\"module module-text tb_flz4217   \" data-lazy=\"1\">\n        <div  class=\"tb_text_wrap\">\n        <h1 style=\"text-align: center;\"><span style=\"color: #f37221;\">Regulamin<\/span><\/h1>\n<p style=\"text-align: center;\"><strong>Niniejszy Regulamin okre\u015bla warunki, na kt\u00f3rych mo\u017cna dokona\u0107 rezerwacji i najmu pokoi .<\/strong><\/p>\n<p>1. Dokonanie wst\u0119pnej rezerwacji jest jednoznaczne z zaakceptowaniem przez Najemc\u0119 (go\u015bcia) postanowie\u0144<br>niniejszego Regulaminu.<br>2. Wst\u0119pn\u0105 rezerwacj\u0119, o kt\u00f3rej mowa w pkt 1, potwierdza si\u0119 poprzez dokonanie wp\u0142aty na konto<br>Wynajmuj\u0105cego zadatku w wysoko\u015bci 30% kwoty nale\u017cnej na poczet najmu domku letniskowego w ci\u0105gu 5 dni<br>kalendarzowych (liczy si\u0119 data zaksi\u0119gowania na koncie). Brak wp\u0142aty w powy\u017cszym terminie powoduje<br>anulowanie rezerwacji wst\u0119pnej.<br>3. W momencie dokonania rezerwacji (tj. wp\u0142acenia 30% zadatku na poczet najmu ) umow\u0119 najmu uwa\u017ca si\u0119<br>za zawart\u0105. Us\u0142uga najmu pokoju obejmuje prawo korzystania z domku wraz z wyposa\u017ceniem przez uzgodniony<br>okres przez okre\u015blon\u0105 liczb\u0119 os\u00f3b w rezerwacji oraz prawo skorzystania z jednego miejsca parkingowego dla<br>samochodu osobowego.<br>4. Dokonanie rezerwacji jest r\u00f3wnoznaczne z wyra\u017ceniem przez Rezerwuj\u0105cego &#8211; Najemc\u0119 (go\u015bcia) zgody na<br>przetwarzanie danych osobowych w celu realizacji rezerwacji i dope\u0142nienia obowi\u0105zku meldunkowego zgodnie z<br>przepisami ustawy z dnia 29.08.1997 r. o ochronie danych osobowych. Najemcy przys\u0142uguje prawo wgl\u0105du do<br>swoich danych osobowych i ich aktualizacji.<br>5. W przypadku dokonania rezerwacji, pozosta\u0142\u0105 kwot\u0119 nale\u017cn\u0105 za ca\u0142y okres najmu (wynikaj\u0105cy z rezerwacji)<br>Najemca wp\u0142aca najp\u00f3\u017aniej w dniu przyjazdu. W przypadku skr\u00f3cenia okresu najmu przez Najemc\u0119, kwota za<br>niewykorzystany okres najmu przepada na rzecz Wynajmuj\u0105cego.<br>6. W przypadku ca\u0142kowitej rezygnacji z najmu z przyczyn niezale\u017cnych od Wynajmuj\u0105cego, wp\u0142acony zadatek<br>przepada na rzecz Wynajmuj\u0105cego.<br>7.Czas najmu pokoi liczony jest dobach. Doba zaczyna si\u0119 o godz: 15:00 (przyjazd), a ko\u0144czy o godz: 10:00<br>(wyjazd).<br>8. W dniu przyjazdu, Najemca zobowi\u0105zany jest do poinformowania Wynajmuj\u0105cego lub osoby odpowiedzialnej<br>za przekazanie kluczy o mo\u017cliwo\u015bci przyjazdu po godz. 15.00.<br>9. Przekazanie pokoju w najem i jego wydanie nast\u0119puje w obecno\u015bci Wynajmuj\u0105cego lub osoby upowa\u017cnionej.<br>Niezw\u0142ocznie po przekazaniu, Najemca jest zobowi\u0105zany sprawdzi\u0107 stan wyposa\u017cenia domku (mebli, drzwi,<br>okien, urz\u0105dze\u0144 itp.) znajduj\u0105cego si\u0119 w nim. Wszelkie stwierdzone uszkodzenia lub zniszczenia nale\u017cy zg\u0142osi\u0107<br>niezw\u0142ocznie Wynajmuj\u0105cemu.<br>10. W przypadku braku zg\u0142oszenia takich uszkodze\u0144 lub zniszcze\u0144 w dniu przyjazdu, uznaje si\u0119, ze pok\u00f3j wraz z<br>wyposa\u017ceniem zosta\u0142 przekazany w stanie bez uszkodze\u0144 lub zniszcze\u0144.<br>11. W przypadku stwierdzenia w dniu wydania pokoju (wyjazdu) szk\u00f3d lub zniszcze\u0144 w pokoju lub jego<br>wyposa\u017ceniu, Najemca odpowiada finansowo za stwierdzone szkody lub zniszczenia i wyra\u017ca zgod\u0119 na to, aby<br>naprawa tych szk\u00f3d lub zniszcze\u0144 zosta\u0142a dokonana na jego koszt. Koszty regulowane s\u0105 na miejscu.<br>12. Osoby odwiedzaj\u0105ce Najemc\u0119 mog\u0105 przebywa\u0107 na terenie domku do godziny 23.00.<br>13. Na pro\u015bb\u0119 Najemcy pokoju mo\u017ce zosta\u0107 dokwaterowana dodatkowa osoba po wyra\u017ceniu zgody przez<br>Wynajmuj\u0105cego i uregulowaniu formalno\u015bci meldunkowych i wniesieniu stosownej op\u0142aty zgodnie z<br>obowi\u0105zuj\u0105cym cennikiem us\u0142ugi.<br>14. W pokojach obowi\u0105zuje ca\u0142kowity zakaz u\u017cywania otwartego ognia, palenia tytoniu i innych u\u017cywek. W<br>przypadku po\u017caru lub innego zagro\u017cenia Najemca wraz z osobami przebywaj\u0105cymi w pokoju powinien<br>post\u0119powa\u0107 zgodnie z instrukcj\u0105 przeciwpo\u017carow\u0105 zamieszczon\u0105 w domkach.<br>15. U\u017cywanie grilla jest dozwolone tylko w miejscach wyznaczonych z zachowaniem szczeg\u00f3lnej ostro\u017cno\u015bci i<br>przepis\u00f3w przeciwpo\u017carowych.<br>16. Parking jednego samochodu osobowego jest wliczony w cen\u0119 us\u0142ugi najmu pokoju. Parkowanie<br>samochod\u00f3w jest mo\u017cliwe w wyznaczonym do tego celu miejscu lub w innym wskazanym przez<br>Wynajmuj\u0105cego.<br>17. Cisza nocna obowi\u0105zuje w godzinach od 22.00 do 6.00.<br>18. Najemca jest zobowi\u0105zany do zg\u0142aszania Wynajmuj\u0105cemu na bie\u017c\u0105co wszelkich zauwa\u017conych usterek w<br>celu ich usuni\u0119cia.<br>19. Najemca zobowi\u0105zany jest do utrzymywania i wydania pokoju w stanie przekazanym, co obejmuje w<br>szczeg\u00f3lno\u015bci posprz\u0105tanie, umycie naczy\u0144, wyniesienie \u015bmieci.<br>20. Wynajmuj\u0105cy nie ponosi odpowiedzialno\u015bci za przej\u015bciowe niedogodno\u015bci korzystania z pokoju wyst\u0119puj\u0105ce<br>u niezale\u017cnych dostawc\u00f3w wynikaj\u0105ce np. z czasowego braku wody, pr\u0105du itp.<br>21. Wynajmuj\u0105cy nie ponosi odpowiedzialno\u015bci za rzeczy Najemcy pozostawione bez opieki na terenie domu.<br>Obowi\u0105zek zabezpieczenia rzeczy przed kradzie\u017c\u0105 i zniszczeniem obci\u0105\u017ca Najemc\u0119.<br>22. Wynajmuj\u0105cy nie ponosi odpowiedzialno\u015bci prawnej za uszkodzenia lub kradzie\u017c samochodu Najemcy<br>pozostawionego na terenie posesji.<br>23.Nie akceptujemy zwierz\u0105t<br>24. Najemca jest zobowi\u0105zany do przestrzegania zasad dobrego s\u0105siedztwa, ciszy nocnej, zasad<br>bezpiecze\u0144stwa przeciwpo\u017carowego.<br>25. Do spor\u00f3w powsta\u0142ych w zwi\u0105zku z najmem domku stosuje si\u0119 prawo polskie. Ewentualne spory<br>rozstrzygane b\u0119d\u0105 polubownie. W przypadku braku porozumienia, Wynajmuj\u0105cy i Najemca poddaj\u0105<br>rozstrzygni\u0119cie sporu zwi\u0105zanego z najmem pokoju \u2013 s\u0105dowi w\u0142a\u015bciwemu ze wzgl\u0119du na siedzib\u0119<br>Wynajmuj\u0105cego.<\/p>\n<p>\u00a0<\/p>    <\/div>\n<\/div>\n<!-- \/module text --><!-- module buttons -->\n<div  class=\"module module-buttons tb_53t1217 buttons-horizontal solid  hide-desktop hide-tablet hide-tablet_landscape hide-mobile  squared\" data-lazy=\"1\">\n        <div class=\"module-buttons-item tf_in_flx\">\n                        <a href=\"https:\/\/gwiazdamorza-jaroslawiec.pl\/\" class=\"ui builder_button tf_in_flx tb_default_color\" >\n                                                powr\u00f3t                                        <\/a>\n                <\/div>\n            <\/div>\n<!-- \/module buttons -->\n        <\/div>\n                        <\/div>\n        <\/div>\n        <\/div>\n<!--\/themify_builder_content-->","protected":false},"excerpt":{"rendered":"<p>Regulamin Niniejszy Regulamin okre\u015bla warunki, na kt\u00f3rych mo\u017cna dokona\u0107 rezerwacji i najmu pokoi. 1. Dokonanie wst\u0119pnej rezerwacji jest jednoznaczne z zaakceptowaniem przez Najemc\u0119 (go\u015bcia) postanowie\u0144niniejszego Regulaminu.2. Wst\u0119pn\u0105 rezerwacj\u0119, o kt\u00f3rej mowa w pkt 1, potwierdza si\u0119 poprzez dokonanie wp\u0142aty na kontoWynajmuj\u0105cego zadatku w wysoko\u015bci 30% kwoty nale\u017cnej na poczet najmu domku letniskowego w ci\u0105gu 5 [&hellip;]<\/p>\n","protected":false},"author":1,"featured_media":0,"parent":0,"menu_order":0,"comment_status":"closed","ping_status":"closed","template":"","meta":{"footnotes":""},"class_list":["post-510","page","type-page","status-publish","hentry","has-post-title","has-post-date","has-post-category","has-post-tag","has-post-comment","has-post-author",""],"builder_content":"\n<h1>Regulamin<br><br><\/h1> <p><strong>Niniejszy Regulamin okre\u015bla warunki, na kt\u00f3rych mo\u017cna dokona\u0107 rezerwacji i najmu pokoi.<\/strong><\/p> <p>1. Dokonanie wst\u0119pnej rezerwacji jest jednoznaczne z zaakceptowaniem przez Najemc\u0119 (go\u015bcia) postanowie\u0144<br>niniejszego Regulaminu.<br>2. Wst\u0119pn\u0105 rezerwacj\u0119, o kt\u00f3rej mowa w pkt 1, potwierdza si\u0119 poprzez dokonanie wp\u0142aty na konto<br>Wynajmuj\u0105cego zadatku w wysoko\u015bci 30% kwoty nale\u017cnej na poczet najmu domku letniskowego w ci\u0105gu 5 dni<br>kalendarzowych (liczy si\u0119 data zaksi\u0119gowania na koncie). Brak wp\u0142aty w powy\u017cszym terminie powoduje<br>anulowanie rezerwacji wst\u0119pnej.<br>3. W momencie dokonania rezerwacji (tj. wp\u0142acenia 30% zadatku na poczet najmu ) umow\u0119 najmu uwa\u017ca si\u0119<br>za zawart\u0105. Us\u0142uga najmu pokoju obejmuje prawo korzystania z domku wraz z wyposa\u017ceniem przez uzgodniony<br>okres przez okre\u015blon\u0105 liczb\u0119 os\u00f3b w rezerwacji oraz prawo skorzystania z jednego miejsca parkingowego dla<br>samochodu osobowego.<br>4. Dokonanie rezerwacji jest r\u00f3wnoznaczne z wyra\u017ceniem przez Rezerwuj\u0105cego - Najemc\u0119 (go\u015bcia) zgody na<br>przetwarzanie danych osobowych w celu realizacji rezerwacji i dope\u0142nienia obowi\u0105zku meldunkowego zgodnie z<br>przepisami ustawy z dnia 29.08.1997 r. o ochronie danych osobowych. Najemcy przys\u0142uguje prawo wgl\u0105du do<br>swoich danych osobowych i ich aktualizacji.<br>5. W przypadku dokonania rezerwacji, pozosta\u0142\u0105 kwot\u0119 nale\u017cn\u0105 za ca\u0142y okres najmu (wynikaj\u0105cy z rezerwacji)<br>Najemca wp\u0142aca najp\u00f3\u017aniej w dniu przyjazdu. W przypadku skr\u00f3cenia okresu najmu przez Najemc\u0119, kwota za<br>niewykorzystany okres najmu przepada na rzecz Wynajmuj\u0105cego.<br>6. W przypadku ca\u0142kowitej rezygnacji z najmu z przyczyn niezale\u017cnych od Wynajmuj\u0105cego, wp\u0142acony zadatek<br>przepada na rzecz Wynajmuj\u0105cego.<br>7.Czas najmu pokoi liczony jest dobach. Doba zaczyna si\u0119 o godz: 15:00 (przyjazd), a ko\u0144czy o godz: 10:00<br>16. Parking jednego samochodu osobowego jest wliczony w cen\u0119 us\u0142ugi najmu pokoju. Parkowanie<br>samochod\u00f3w jest mo\u017cliwe w wyznaczonym do tego celu miejscu lub w innym wskazanym przez<br>Wynajmuj\u0105cego.<br>17. Cisza nocna obowi\u0105zuje w godzinach od 22.00 do 6.00.<br>18. Najemca jest zobowi\u0105zany do zg\u0142aszania Wynajmuj\u0105cemu na bie\u017c\u0105co wszelkich zauwa\u017conych usterek w<br>celu ich usuni\u0119cia.<br>19. Najemca zobowi\u0105zany jest do utrzymywania i wydania pokoju w stanie przekazanym, co obejmuje w<br>szczeg\u00f3lno\u015bci posprz\u0105tanie, umycie naczy\u0144, wyniesienie \u015bmieci.<br>20. Wynajmuj\u0105cy nie ponosi odpowiedzialno\u015bci za przej\u015bciowe niedogodno\u015bci korzystania z pokoju wyst\u0119puj\u0105ce<br>u niezale\u017cnych dostawc\u00f3w wynikaj\u0105ce np. z czasowego braku wody, pr\u0105du itp.<br>21. Wynajmuj\u0105cy nie ponosi odpowiedzialno\u015bci za rzeczy Najemcy pozostawione bez opieki na terenie domu.<br>Obowi\u0105zek zabezpieczenia rzeczy przed kradzie\u017c\u0105 i zniszczeniem obci\u0105\u017ca Najemc\u0119.<br>22. Wynajmuj\u0105cy nie ponosi odpowiedzialno\u015bci prawnej za uszkodzenia lub kradzie\u017c samochodu Najemcy<br>pozostawionego na terenie posesji.<br>23.Nie akceptujemy zwierz\u0105t<br>24. Najemca jest zobowi\u0105zany do przestrzegania zasad dobrego s\u0105siedztwa, ciszy nocnej, zasad<br>bezpiecze\u0144stwa przeciwpo\u017carowego.<br>25. Do spor\u00f3w powsta\u0142ych w zwi\u0105zku z najmem domku stosuje si\u0119 prawo polskie. Ewentualne spory<br>rozstrzygane b\u0119d\u0105 polubownie. W przypadku braku porozumienia, Wynajmuj\u0105cy i Najemca poddaj\u0105<br>rozstrzygni\u0119cie sporu zwi\u0105zanego z najmem pokoju \u2013 s\u0105dowi w\u0142a\u015bciwemu ze wzgl\u0119du na siedzib\u0119<br>Wynajmuj\u0105cego.<\/p>\n<a href=\"https:\/\/gwiazdamorza-jaroslawiec.pl\/\" > powr\u00f3t <\/a>\n\n<h1 style=\"text-align: center;\">Regulamin<\/h1> <p style=\"text-align: center;\"><strong>Niniejszy Regulamin okre\u015bla warunki, na kt\u00f3rych mo\u017cna dokona\u0107 rezerwacji i najmu pokoi .<\/strong><\/p> <p>1. Dokonanie wst\u0119pnej rezerwacji jest jednoznaczne z zaakceptowaniem przez Najemc\u0119 (go\u015bcia) postanowie\u0144<br>niniejszego Regulaminu.<br>2. Wst\u0119pn\u0105 rezerwacj\u0119, o kt\u00f3rej mowa w pkt 1, potwierdza si\u0119 poprzez dokonanie wp\u0142aty na konto<br>Wynajmuj\u0105cego zadatku w wysoko\u015bci 30% kwoty nale\u017cnej na poczet najmu domku letniskowego w ci\u0105gu 5 dni<br>kalendarzowych (liczy si\u0119 data zaksi\u0119gowania na koncie). Brak wp\u0142aty w powy\u017cszym terminie powoduje<br>anulowanie rezerwacji wst\u0119pnej.<br>3. W momencie dokonania rezerwacji (tj. wp\u0142acenia 30% zadatku na poczet najmu ) umow\u0119 najmu uwa\u017ca si\u0119<br>za zawart\u0105. Us\u0142uga najmu pokoju obejmuje prawo korzystania z domku wraz z wyposa\u017ceniem przez uzgodniony<br>okres przez okre\u015blon\u0105 liczb\u0119 os\u00f3b w rezerwacji oraz prawo skorzystania z jednego miejsca parkingowego dla<br>samochodu osobowego.<br>4. Dokonanie rezerwacji jest r\u00f3wnoznaczne z wyra\u017ceniem przez Rezerwuj\u0105cego - Najemc\u0119 (go\u015bcia) zgody na<br>przetwarzanie danych osobowych w celu realizacji rezerwacji i dope\u0142nienia obowi\u0105zku meldunkowego zgodnie z<br>przepisami ustawy z dnia 29.08.1997 r. o ochronie danych osobowych. Najemcy przys\u0142uguje prawo wgl\u0105du do<br>swoich danych osobowych i ich aktualizacji.<br>5. W przypadku dokonania rezerwacji, pozosta\u0142\u0105 kwot\u0119 nale\u017cn\u0105 za ca\u0142y okres najmu (wynikaj\u0105cy z rezerwacji)<br>Najemca wp\u0142aca najp\u00f3\u017aniej w dniu przyjazdu. W przypadku skr\u00f3cenia okresu najmu przez Najemc\u0119, kwota za<br>niewykorzystany okres najmu przepada na rzecz Wynajmuj\u0105cego.<br>6. W przypadku ca\u0142kowitej rezygnacji z najmu z przyczyn niezale\u017cnych od Wynajmuj\u0105cego, wp\u0142acony zadatek<br>przepada na rzecz Wynajmuj\u0105cego.<br>7.Czas najmu pokoi liczony jest dobach. Doba zaczyna si\u0119 o godz: 15:00 (przyjazd), a ko\u0144czy o godz: 10:00<br>(wyjazd).<br>8. W dniu przyjazdu, Najemca zobowi\u0105zany jest do poinformowania Wynajmuj\u0105cego lub osoby odpowiedzialnej<br>za przekazanie kluczy o mo\u017cliwo\u015bci przyjazdu po godz. 15.00.<br>9. Przekazanie pokoju w najem i jego wydanie nast\u0119puje w obecno\u015bci Wynajmuj\u0105cego lub osoby upowa\u017cnionej.<br>Niezw\u0142ocznie po przekazaniu, Najemca jest zobowi\u0105zany sprawdzi\u0107 stan wyposa\u017cenia domku (mebli, drzwi,<br>okien, urz\u0105dze\u0144 itp.) znajduj\u0105cego si\u0119 w nim. Wszelkie stwierdzone uszkodzenia lub zniszczenia nale\u017cy zg\u0142osi\u0107<br>niezw\u0142ocznie Wynajmuj\u0105cemu.<br>10. W przypadku braku zg\u0142oszenia takich uszkodze\u0144 lub zniszcze\u0144 w dniu przyjazdu, uznaje si\u0119, ze pok\u00f3j wraz z<br>wyposa\u017ceniem zosta\u0142 przekazany w stanie bez uszkodze\u0144 lub zniszcze\u0144.<br>11. W przypadku stwierdzenia w dniu wydania pokoju (wyjazdu) szk\u00f3d lub zniszcze\u0144 w pokoju lub jego<br>wyposa\u017ceniu, Najemca odpowiada finansowo za stwierdzone szkody lub zniszczenia i wyra\u017ca zgod\u0119 na to, aby<br>naprawa tych szk\u00f3d lub zniszcze\u0144 zosta\u0142a dokonana na jego koszt. Koszty regulowane s\u0105 na miejscu.<br>12. Osoby odwiedzaj\u0105ce Najemc\u0119 mog\u0105 przebywa\u0107 na terenie domku do godziny 23.00.<br>13. Na pro\u015bb\u0119 Najemcy pokoju mo\u017ce zosta\u0107 dokwaterowana dodatkowa osoba po wyra\u017ceniu zgody przez<br>Wynajmuj\u0105cego i uregulowaniu formalno\u015bci meldunkowych i wniesieniu stosownej op\u0142aty zgodnie z<br>obowi\u0105zuj\u0105cym cennikiem us\u0142ugi.<br>14. W pokojach obowi\u0105zuje ca\u0142kowity zakaz u\u017cywania otwartego ognia, palenia tytoniu i innych u\u017cywek. W<br>przypadku po\u017caru lub innego zagro\u017cenia Najemca wraz z osobami przebywaj\u0105cymi w pokoju powinien<br>post\u0119powa\u0107 zgodnie z instrukcj\u0105 przeciwpo\u017carow\u0105 zamieszczon\u0105 w domkach.<br>15. U\u017cywanie grilla jest dozwolone tylko w miejscach wyznaczonych z zachowaniem szczeg\u00f3lnej ostro\u017cno\u015bci i<br>przepis\u00f3w przeciwpo\u017carowych.<br>16. Parking jednego samochodu osobowego jest wliczony w cen\u0119 us\u0142ugi najmu pokoju. Parkowanie<br>samochod\u00f3w jest mo\u017cliwe w wyznaczonym do tego celu miejscu lub w innym wskazanym przez<br>Wynajmuj\u0105cego.<br>17. Cisza nocna obowi\u0105zuje w godzinach od 22.00 do 6.00.<br>18. Najemca jest zobowi\u0105zany do zg\u0142aszania Wynajmuj\u0105cemu na bie\u017c\u0105co wszelkich zauwa\u017conych usterek w<br>celu ich usuni\u0119cia.<br>19. Najemca zobowi\u0105zany jest do utrzymywania i wydania pokoju w stanie przekazanym, co obejmuje w<br>szczeg\u00f3lno\u015bci posprz\u0105tanie, umycie naczy\u0144, wyniesienie \u015bmieci.<br>20. Wynajmuj\u0105cy nie ponosi odpowiedzialno\u015bci za przej\u015bciowe niedogodno\u015bci korzystania z pokoju wyst\u0119puj\u0105ce<br>u niezale\u017cnych dostawc\u00f3w wynikaj\u0105ce np. z czasowego braku wody, pr\u0105du itp.<br>21. Wynajmuj\u0105cy nie ponosi odpowiedzialno\u015bci za rzeczy Najemcy pozostawione bez opieki na terenie domu.<br>Obowi\u0105zek zabezpieczenia rzeczy przed kradzie\u017c\u0105 i zniszczeniem obci\u0105\u017ca Najemc\u0119.<br>22. Wynajmuj\u0105cy nie ponosi odpowiedzialno\u015bci prawnej za uszkodzenia lub kradzie\u017c samochodu Najemcy<br>pozostawionego na terenie posesji.<br>23.Nie akceptujemy zwierz\u0105t<br>24. Najemca jest zobowi\u0105zany do przestrzegania zasad dobrego s\u0105siedztwa, ciszy nocnej, zasad<br>bezpiecze\u0144stwa przeciwpo\u017carowego.<br>25. Do spor\u00f3w powsta\u0142ych w zwi\u0105zku z najmem domku stosuje si\u0119 prawo polskie. Ewentualne spory<br>rozstrzygane b\u0119d\u0105 polubownie. W przypadku braku porozumienia, Wynajmuj\u0105cy i Najemca poddaj\u0105<br>rozstrzygni\u0119cie sporu zwi\u0105zanego z najmem pokoju \u2013 s\u0105dowi w\u0142a\u015bciwemu ze wzgl\u0119du na siedzib\u0119<br>Wynajmuj\u0105cego.<\/p> <p>\u00a0<\/p>\n<a href=\"https:\/\/gwiazdamorza-jaroslawiec.pl\/\" > powr\u00f3t <\/a>","_links":{"self":[{"href":"https:\/\/gwiazdamorza-jaroslawiec.pl\/index.php\/wp-json\/wp\/v2\/pages\/510","targetHints":{"allow":["GET"]}}],"collection":[{"href":"https:\/\/gwiazdamorza-jaroslawiec.pl\/index.php\/wp-json\/wp\/v2\/pages"}],"about":[{"href":"https:\/\/gwiazdamorza-jaroslawiec.pl\/index.php\/wp-json\/wp\/v2\/types\/page"}],"author":[{"embeddable":true,"href":"https:\/\/gwiazdamorza-jaroslawiec.pl\/index.php\/wp-json\/wp\/v2\/users\/1"}],"replies":[{"embeddable":true,"href":"https:\/\/gwiazdamorza-jaroslawiec.pl\/index.php\/wp-json\/wp\/v2\/comments?post=510"}],"version-history":[{"count":16,"href":"https:\/\/gwiazdamorza-jaroslawiec.pl\/index.php\/wp-json\/wp\/v2\/pages\/510\/revisions"}],"predecessor-version":[{"id":530,"href":"https:\/\/gwiazdamorza-jaroslawiec.pl\/index.php\/wp-json\/wp\/v2\/pages\/510\/revisions\/530"}],"wp:attachment":[{"href":"https:\/\/gwiazdamorza-jaroslawiec.pl\/index.php\/wp-json\/wp\/v2\/media?parent=510"}],"curies":[{"name":"wp","href":"https:\/\/api.w.org\/{rel}","templated":true}]}}